{"id":155,"date":"2018-02-06T21:47:27","date_gmt":"2018-02-06T20:47:27","guid":{"rendered":"http:\/\/www.spz.ried.at\/cms\/?page_id=155"},"modified":"2022-12-07T15:17:11","modified_gmt":"2022-12-07T14:17:11","slug":"gesunde-schule","status":"publish","type":"page","link":"http:\/\/www.stifterschule.ried.at\/cms\/gesunde-schule\/","title":{"rendered":"Gesund &#038; fit"},"content":{"rendered":"<p>Ein Schwerpunkt unserer Schule sind auch gesundes, leckeres Essen und ausreichend Bewegung im Unterricht und w\u00e4hrend der Pausen.<\/p>\n<div class=\"csc-textpic csc-textpic-intext-right\">\n<div class=\"csc-textpic-text\">\n<p>&nbsp;<\/p>\n<div class=\"csc-header csc-header-n7\">\n<h1><span style=\"color: #9e3737;\">Bewegte Pause<\/span><\/h1>\n<\/div>\n<div class=\"csc-textpic csc-textpic-intext-left\">\n<div class=\"csc-textpic-imagewrap csc-textpic-single-image\">\n<p class=\"bodytext\"><a href=\"http:\/\/www.spz.ried.at\/cms\/wp-content\/uploads\/2018\/02\/bewegtepause.jpg\"><img loading=\"lazy\" decoding=\"async\" class=\"size-medium wp-image-359 alignleft\" src=\"http:\/\/www.spz.ried.at\/cms\/wp-content\/uploads\/2018\/02\/bewegtepause-300x225.jpg\" alt=\"\" width=\"300\" height=\"225\" srcset=\"http:\/\/www.stifterschule.ried.at\/cms\/wp-content\/uploads\/2018\/02\/bewegtepause-300x225.jpg 300w, http:\/\/www.stifterschule.ried.at\/cms\/wp-content\/uploads\/2018\/02\/bewegtepause-768x576.jpg 768w, http:\/\/www.stifterschule.ried.at\/cms\/wp-content\/uploads\/2018\/02\/bewegtepause.jpg 800w\" sizes=\"auto, (max-width: 300px) 100vw, 300px\" \/><\/a>Die gro\u00dfe Pause verbringen wir bei fast jedem Wetter in unserem sch\u00f6nen Schulgarten. Im Schulgarten sind viele Spielger\u00e4te, ein H\u00fcgel, eine Boalderwand und eine Slackline. Wenn wir wegen des Wetters wirklich nicht ins Freie k\u00f6nnen, haben die Sch\u00fcler\/innen die M\u00f6glichkeit im Turnsaal mit einer Lehrerin Bewegungsspiele zu machen. Auch in der Aula gibt es viele Spielger\u00e4te, die zur Bewegung anregen.<\/p>\n<\/div>\n<\/div>\n<div class=\"csc-header csc-header-n8\">\n<h1><\/h1>\n<h1><span style=\"color: #9e3737;\">Bewegungspausen w\u00e4hrend des Unterrichts<\/span><\/h1>\n<\/div>\n<div class=\"csc-textpic-text\">\n<p class=\"bodytext\">Jeder Wochenplan enth\u00e4lt auch Bewegungsaufgaben aus der Kartei &#8222;Mach mit, Bewegung h\u00e4lt fit&#8220;. Auch im Frontalunterricht werden immer wieder Bewegungsphasen, sowie Entspannungs- und Entlastungsbewegungen eingebaut, wenn die Sch\u00fcler\/innen unruhig oder unkonzentriert werden.<\/p>\n<\/div>\n<\/div>\n<div class=\"csc-header csc-header-n9\">\n<h1><\/h1>\n<h1><span style=\"color: #9e3737;\">Ger\u00e4teparcours f\u00fcr alle Klassen<\/span><\/h1>\n<\/div>\n<div class=\"csc-textpic csc-textpic-intext-right\">\n<div class=\"csc-textpic-imagewrap csc-textpic-single-image\">\n<p class=\"bodytext\">Einmal pro Monat bauen abwechselnde Lehrerteams einen tollen Ger\u00e4teparcour im Turnsaal auf. Dieser Parcour kann dann an drei aufeinanderfolgenden Tagen im Unterrichtsgegenstand Bewegung und Sport von allen Klassen benutzt werden. Nach den Ger\u00e4testunden holten wir uns von allen Sch\u00fcler\/innen ein Feedback mit einem Stimmungsbarometer ein. Das Ergebnis zeigte uns, dass 90% der Sch\u00fcler\/innen diese Turnstunden ganz toll fanden.<\/p>\n<\/div>\n<\/div>\n<\/div>\n\n\n<div id=\"gslideshow\" class=\"gss-container no-captions\">\n\t<div class=\"cycle-slideshow\" \n\t\tdata-cycle-slides=\"> a\"\n\t\tdata-cycle-paused=\"true\"\n\t\tdata-cycle-prev=\"#gslideshow_prev\"\n\t\tdata-cycle-next=\"#gslideshow_next\"\n\t\tdata-cycle-pager=\"#gslideshow_pager\"\n\t\tdata-cycle-pager-template=\"<a href=#>&nbsp;<\/a>\"\n\t\tdata-cycle-speed=\"750\"\n\t\t>\n\t\t\t<a href=\"http:\/\/www.stifterschule.ried.at\/cms\/wp-content\/uploads\/2020\/02\/IMG-20200211-WA0001.jpg\" data-cycle-caption=\"\"><img decoding=\"async\" src=\"http:\/\/www.stifterschule.ried.at\/cms\/wp-content\/uploads\/2020\/02\/IMG-20200211-WA0001.jpg\" title=\"IMG-20200211-WA0001\" alt=\"IMG-20200211-WA0001\" \/><\/a>\n\n\t\t\t<a href=\"http:\/\/www.stifterschule.ried.at\/cms\/wp-content\/uploads\/2020\/02\/IMG_20200210_103546_resized_20200210_074514114.jpg\" data-cycle-caption=\"\"><img decoding=\"async\" src=\"http:\/\/www.stifterschule.ried.at\/cms\/wp-content\/uploads\/2020\/02\/IMG_20200210_103546_resized_20200210_074514114.jpg\" title=\"IMG_20200210_103546_resized_20200210_074514114\" alt=\"IMG_20200210_103546_resized_20200210_074514114\" \/><\/a>\n\n\t\t\t<a href=\"http:\/\/www.stifterschule.ried.at\/cms\/wp-content\/uploads\/2020\/02\/IMG_20200210_103651_resized_20200210_074510854.jpg\" data-cycle-caption=\"\"><img decoding=\"async\" src=\"http:\/\/www.stifterschule.ried.at\/cms\/wp-content\/uploads\/2020\/02\/IMG_20200210_103651_resized_20200210_074510854.jpg\" title=\"IMG_20200210_103651_resized_20200210_074510854\" alt=\"IMG_20200210_103651_resized_20200210_074510854\" \/><\/a>\n\n\t\t\t<a href=\"http:\/\/www.stifterschule.ried.at\/cms\/wp-content\/uploads\/2020\/02\/IMG_20200210_102211_resized_20200210_074512182.jpg\" data-cycle-caption=\"\"><img decoding=\"async\" src=\"http:\/\/www.stifterschule.ried.at\/cms\/wp-content\/uploads\/2020\/02\/IMG_20200210_102211_resized_20200210_074512182.jpg\" title=\"IMG_20200210_102211_resized_20200210_074512182\" alt=\"IMG_20200210_102211_resized_20200210_074512182\" \/><\/a>\n\n\t\t\t<a href=\"http:\/\/www.stifterschule.ried.at\/cms\/wp-content\/uploads\/2020\/02\/IMG_20200210_103911_resized_20200210_074511752.jpg\" data-cycle-caption=\"\"><img decoding=\"async\" src=\"http:\/\/www.stifterschule.ried.at\/cms\/wp-content\/uploads\/2020\/02\/IMG_20200210_103911_resized_20200210_074511752.jpg\" title=\"IMG_20200210_103911_resized_20200210_074511752\" alt=\"IMG_20200210_103911_resized_20200210_074511752\" \/><\/a>\n\n\t\t\t<a href=\"http:\/\/www.stifterschule.ried.at\/cms\/wp-content\/uploads\/2020\/02\/IMG_20200210_103936_resized_20200210_074508807.jpg\" data-cycle-caption=\"\"><img decoding=\"async\" src=\"http:\/\/www.stifterschule.ried.at\/cms\/wp-content\/uploads\/2020\/02\/IMG_20200210_103936_resized_20200210_074508807.jpg\" title=\"IMG_20200210_103936_resized_20200210_074508807\" alt=\"IMG_20200210_103936_resized_20200210_074508807\" \/><\/a>\n\n\t\t\t<a href=\"http:\/\/www.stifterschule.ried.at\/cms\/wp-content\/uploads\/2020\/02\/IMG-20200211-WA0006.jpg\" data-cycle-caption=\"\"><img decoding=\"async\" src=\"http:\/\/www.stifterschule.ried.at\/cms\/wp-content\/uploads\/2020\/02\/IMG-20200211-WA0006.jpg\" title=\"IMG-20200211-WA0006\" alt=\"IMG-20200211-WA0006\" \/><\/a>\n\t<\/div>\n\t<div class=\"gss-info\">\n\t\t<div class=\"gss-nav\"><div id=\"gslideshow_prev\" class=\"gss-prev\">&lt;<\/div><div id=\"gslideshow_play\" class=\"gss-play\">&#9658;<\/div><div id=\"gslideshow_next\" class=\"gss-next\">&gt;<\/div><\/div>\n\t\t\t<div id=\"gslideshow_pager\" class=\"gss-pager\"><\/div>\n\t<\/div>\n<\/div>\n\n\n<h1><\/h1>\n<h1><span style=\"color: #9e3737;\">Haltungsturnen<\/span><\/h1>\n<p>Nicht nur Ger\u00e4teparcours werden regelm\u00e4\u00dfig im Turnsaal aufgebaut, sondern auch das Haltungsturnen mit einem externen, geschulten Trainer ist ein Fixpunkt im Schuljahr f\u00fcr jede Klasse. In f\u00fcnf Wochen werden den Sch\u00fclerInnen auf spielerische Art r\u00fcckenschonende Haltungen im Bezug auf das richtige B\u00fccken, Heben, Sitzen,&#8230; antrainiert. Es macht allen Kindern immer wieder gro\u00dfen Spa\u00df!<\/p>\n\n\n<div id=\"slideshow1\" class=\"gss-container no-captions\">\n\t<div class=\"cycle-slideshow\" \n\t\tdata-cycle-slides=\"> a\"\n\t\tdata-cycle-paused=\"true\"\n\t\tdata-cycle-prev=\"#slideshow1_prev\"\n\t\tdata-cycle-next=\"#slideshow1_next\"\n\t\tdata-cycle-pager=\"#slideshow1_pager\"\n\t\tdata-cycle-pager-template=\"<a href=#>&nbsp;<\/a>\"\n\t\tdata-cycle-speed=\"750\"\n\t\t>\n\t\t\t<a href=\"http:\/\/www.stifterschule.ried.at\/cms\/gesunde-schule\/img-20200127-wa0010\/\" data-cycle-caption=\"\"><img decoding=\"async\" src=\"http:\/\/www.stifterschule.ried.at\/cms\/wp-content\/uploads\/2020\/01\/IMG-20200127-WA0010.jpg\" title=\"IMG-20200127-WA0010\" alt=\"IMG-20200127-WA0010\" \/><\/a>\n\n\t\t\t<a href=\"http:\/\/www.stifterschule.ried.at\/cms\/gesunde-schule\/img-20200203-wa0024\/\" data-cycle-caption=\"\"><img decoding=\"async\" src=\"http:\/\/www.stifterschule.ried.at\/cms\/wp-content\/uploads\/2020\/02\/IMG-20200203-WA0024.jpg\" title=\"IMG-20200203-WA0024\" alt=\"IMG-20200203-WA0024\" \/><\/a>\n\n\t\t\t<a href=\"http:\/\/www.stifterschule.ried.at\/cms\/gesunde-schule\/img-20200127-wa0004\/\" data-cycle-caption=\"\"><img decoding=\"async\" src=\"http:\/\/www.stifterschule.ried.at\/cms\/wp-content\/uploads\/2020\/01\/IMG-20200127-WA0004.jpg\" title=\"IMG-20200127-WA0004\" alt=\"IMG-20200127-WA0004\" \/><\/a>\n\n\t\t\t<a href=\"http:\/\/www.stifterschule.ried.at\/cms\/gesunde-schule\/img-20200127-wa0019\/\" data-cycle-caption=\"\"><img decoding=\"async\" src=\"http:\/\/www.stifterschule.ried.at\/cms\/wp-content\/uploads\/2020\/01\/IMG-20200127-WA0019.jpg\" title=\"IMG-20200127-WA0019\" alt=\"IMG-20200127-WA0019\" \/><\/a>\n\n\t\t\t<a href=\"http:\/\/www.stifterschule.ried.at\/cms\/gesunde-schule\/img-20200203-wa0025\/\" data-cycle-caption=\"\"><img decoding=\"async\" src=\"http:\/\/www.stifterschule.ried.at\/cms\/wp-content\/uploads\/2020\/02\/IMG-20200203-WA0025.jpg\" title=\"IMG-20200203-WA0025\" alt=\"IMG-20200203-WA0025\" \/><\/a>\n\t<\/div>\n\t<div class=\"gss-info\">\n\t\t<div class=\"gss-nav\"><div id=\"slideshow1_prev\" class=\"gss-prev\">&lt;<\/div><div id=\"slideshow1_play\" class=\"gss-play\">&#9658;<\/div><div id=\"slideshow1_next\" class=\"gss-next\">&gt;<\/div><\/div>\n\t\t\t<div id=\"slideshow1_pager\" class=\"gss-pager\"><\/div>\n\t<\/div>\n<\/div>\n\n\n<div class=\"csc-header csc-header-n12\"><\/div>\n<div class=\"csc-textpic csc-textpic-intext-right\">\n<div class=\"csc-textpic-text\">\n<p>&nbsp;<\/p>\n<\/div>\n<div class=\"csc-header csc-header-n14\">\n<h1><span style=\"color: #9e3737;\">M\u00fcllmonster<\/span><\/h1>\n<\/div>\n<div class=\"csc-textpic csc-textpic-intext-right\">\n<div class=\"csc-textpic-text\">\n<p class=\"bodytext\"><a href=\"http:\/\/www.spz.ried.at\/cms\/wp-content\/uploads\/2018\/02\/m\u00fcllmonster.jpg\"><img loading=\"lazy\" decoding=\"async\" class=\"size-full wp-image-362 alignleft\" src=\"http:\/\/www.spz.ried.at\/cms\/wp-content\/uploads\/2018\/02\/m\u00fcllmonster.jpg\" alt=\"\" width=\"250\" height=\"188\" \/><\/a>Nat\u00fcrlich wollen wir in der Schule auch M\u00fcll vermeiden, bzw. M\u00fcll richtig trennen. Damit wir das gut lernen war das M\u00fcllm\u00fcnster in allen Klassen.<\/p>\n<p class=\"bodytext\">Alle Sch\u00fcler\/innen haben au\u00dferdem Jausenboxen und Trinkflaschen, die immer wieder verwendet werden k\u00f6nnen.<\/p>\n<\/div>\n<\/div>\n<\/div>\n<p>&nbsp;<\/p>\n<p>&nbsp;<\/p>\n<div class=\"csc-header csc-header-n18\">\n<h1><span style=\"color: #9e3737;\">Bewegtes Lernen<\/span><\/h1>\n<\/div>\n<div class=\"csc-textpic csc-textpic-intext-right\">\n<div class=\"csc-textpic-text\">\n<p class=\"bodytext\"><a href=\"http:\/\/www.spz.ried.at\/cms\/wp-content\/uploads\/2018\/02\/bewegtes.jpg\"><img loading=\"lazy\" decoding=\"async\" class=\"size-medium wp-image-363 alignleft\" src=\"http:\/\/www.spz.ried.at\/cms\/wp-content\/uploads\/2018\/02\/bewegtes-300x225.jpg\" alt=\"\" width=\"300\" height=\"225\" srcset=\"http:\/\/www.stifterschule.ried.at\/cms\/wp-content\/uploads\/2018\/02\/bewegtes-300x225.jpg 300w, http:\/\/www.stifterschule.ried.at\/cms\/wp-content\/uploads\/2018\/02\/bewegtes-768x576.jpg 768w, http:\/\/www.stifterschule.ried.at\/cms\/wp-content\/uploads\/2018\/02\/bewegtes.jpg 800w\" sizes=\"auto, (max-width: 300px) 100vw, 300px\" \/><\/a>In jeder Klasse enth\u00e4lt jeder Wochenplan mindestens eine Aufgabe, bei der Lernen in Bewegung (Lesen im Gehen, Laufdiktate, Treppeneinmaleins,&#8230;) stattfindet, au\u00dferdem ist im Unterricht ein Wechsel der K\u00f6rperhaltung jederzeit m\u00f6glich. Jede Klasse hat Stehpulte zum Arbeiten im Stehen, Teppiche zum Arbeiten am Boden und einige bewegliche St\u00fchle und Hocker.<\/p>\n<\/div>\n<\/div>\n","protected":false},"excerpt":{"rendered":"<p>Ein Schwerpunkt unserer Schule sind auch gesundes, leckeres Essen und ausreichend Bewegung im Unterricht und w\u00e4hrend der Pausen. &nbsp; Bewegte Pause Die gro\u00dfe Pause verbringen wir bei fast jedem Wetter in unserem sch\u00f6nen Schulgarten. Im Schulgarten sind viele Spielger\u00e4te, ein&hellip; <\/p>\n","protected":false},"author":1,"featured_media":2328,"parent":0,"menu_order":0,"comment_status":"closed","ping_status":"closed","template":"","meta":{"_mc_calendar":[],"footnotes":""},"class_list":["post-155","page","type-page","status-publish","has-post-thumbnail","hentry"],"_links":{"self":[{"href":"http:\/\/www.stifterschule.ried.at\/cms\/wp-json\/wp\/v2\/pages\/155","targetHints":{"allow":["GET"]}}],"collection":[{"href":"http:\/\/www.stifterschule.ried.at\/cms\/wp-json\/wp\/v2\/pages"}],"about":[{"href":"http:\/\/www.stifterschule.ried.at\/cms\/wp-json\/wp\/v2\/types\/page"}],"author":[{"embeddable":true,"href":"http:\/\/www.stifterschule.ried.at\/cms\/wp-json\/wp\/v2\/users\/1"}],"replies":[{"embeddable":true,"href":"http:\/\/www.stifterschule.ried.at\/cms\/wp-json\/wp\/v2\/comments?post=155"}],"version-history":[{"count":16,"href":"http:\/\/www.stifterschule.ried.at\/cms\/wp-json\/wp\/v2\/pages\/155\/revisions"}],"predecessor-version":[{"id":3798,"href":"http:\/\/www.stifterschule.ried.at\/cms\/wp-json\/wp\/v2\/pages\/155\/revisions\/3798"}],"wp:featuredmedia":[{"embeddable":true,"href":"http:\/\/www.stifterschule.ried.at\/cms\/wp-json\/wp\/v2\/media\/2328"}],"wp:attachment":[{"href":"http:\/\/www.stifterschule.ried.at\/cms\/wp-json\/wp\/v2\/media?parent=155"}],"curies":[{"name":"wp","href":"https:\/\/api.w.org\/{rel}","templated":true}]}}