{"id":2487,"date":"2020-06-17T18:30:52","date_gmt":"2020-06-17T16:30:52","guid":{"rendered":"http:\/\/www.stifterschule.ried.at\/cms\/?page_id=2487"},"modified":"2021-12-14T12:28:04","modified_gmt":"2021-12-14T11:28:04","slug":"unterrichts-und-aufsichtszeiten","status":"publish","type":"page","link":"http:\/\/www.stifterschule.ried.at\/cms\/unterrichts-und-aufsichtszeiten\/","title":{"rendered":"Unterrichts- und Aufsichtszeiten"},"content":{"rendered":"<p>Das Schulhaus ist f\u00fcr die Kinder ab 7:00 Uhr zug\u00e4nglich. Die Aufsicht durch die Schulassistentinnen findet ab diesem Zeitpunkt in der Schule statt. Ab 7:45 Uhr werden die Sch\u00fclerInnen von den LehrerInnen in der Klasse bis zum Unterrichtsbeginn um 8:00 Uhr beaufsichtigt.<\/p>\n<p>Unterrichtsende ist nach 4 Einheiten um 11:45 Uhr oder nach 5 Einheiten um 12:45 Uhr. M\u00fcssen Kinder auf den Bus warten, werden sie bis zum Eintreffen der Schulbusse wieder durch unsere Schulassistentinnen beaufsichtigt.<\/p>\n<p>Findet Nachmittagsunterricht statt, gibt es eine betreute Mittagspause von 12:45 Uhr &#8211; 13:35 Uhr. Es besteht auch die M\u00f6glichkeit zur Sch\u00fclerausspeisung. Der Nachmittagsunterricht endet um 16:10 Uhr. Die Sch\u00fclerInnen werden wieder beaufsichtigt, bis die Busse kommen.<\/p>\n<p class=\"Normal tm8\"><strong><u><span class=\"tm6\">Ganztagsschule<br \/>\n<\/span><\/u><\/strong><\/p>\n<p class=\"Normal tm5\"><span class=\"tm7\">Die Mittagspause der angemeldeten Sch\u00fclerInnen beginnt nach Unterrichtsende und dauert eine Stunde. Anschlie\u00dfend findet die Lernzeit statt. Nach der Lernzeit (Gruppe 1 um 13:35 Uhr und Gruppe 2 um 14: 35 Uhr) f\u00e4ngt f\u00fcr die Kinder der betreute Freizeitteil an. Fr\u00fchestens ab diesem Zeitpunkt d\u00fcrfen die Kinder vor dem Schulgeb\u00e4ude abgeholt werden.<br \/>\n<\/span><\/p>\n<p>Die Nachmittagsbetreuung endet um 16:00\u00a0 Uhr. Die Busse fahren. Kinder, die den Schulweg auch sonst zu Fu\u00df bew\u00e4ltigen, werden um 16:00 Uhr entlassen.<\/p>\n","protected":false},"excerpt":{"rendered":"<p>Das Schulhaus ist f\u00fcr die Kinder ab 7:00 Uhr zug\u00e4nglich. Die Aufsicht durch die Schulassistentinnen findet ab diesem Zeitpunkt in der Schule statt. Ab 7:45 Uhr werden die Sch\u00fclerInnen von den LehrerInnen in der Klasse bis zum Unterrichtsbeginn um 8:00&hellip; <\/p>\n","protected":false},"author":1,"featured_media":0,"parent":0,"menu_order":0,"comment_status":"closed","ping_status":"closed","template":"","meta":{"_mc_calendar":[],"footnotes":""},"class_list":["post-2487","page","type-page","status-publish","hentry"],"_links":{"self":[{"href":"http:\/\/www.stifterschule.ried.at\/cms\/wp-json\/wp\/v2\/pages\/2487","targetHints":{"allow":["GET"]}}],"collection":[{"href":"http:\/\/www.stifterschule.ried.at\/cms\/wp-json\/wp\/v2\/pages"}],"about":[{"href":"http:\/\/www.stifterschule.ried.at\/cms\/wp-json\/wp\/v2\/types\/page"}],"author":[{"embeddable":true,"href":"http:\/\/www.stifterschule.ried.at\/cms\/wp-json\/wp\/v2\/users\/1"}],"replies":[{"embeddable":true,"href":"http:\/\/www.stifterschule.ried.at\/cms\/wp-json\/wp\/v2\/comments?post=2487"}],"version-history":[{"count":5,"href":"http:\/\/www.stifterschule.ried.at\/cms\/wp-json\/wp\/v2\/pages\/2487\/revisions"}],"predecessor-version":[{"id":3270,"href":"http:\/\/www.stifterschule.ried.at\/cms\/wp-json\/wp\/v2\/pages\/2487\/revisions\/3270"}],"wp:attachment":[{"href":"http:\/\/www.stifterschule.ried.at\/cms\/wp-json\/wp\/v2\/media?parent=2487"}],"curies":[{"name":"wp","href":"https:\/\/api.w.org\/{rel}","templated":true}]}}